
Let c(y) = -13*y**3 + 168*y**2 - 181*y + 2516. What is c(13)?
-6
Let k(f) = -f**2 + 86*f - 1266. Give k(67).
7
Let d(v) = -v**3 + 46*v**2 - 95*v - 89. Give d(44).
-397
Let o(w) = -45*w**2 - 4*w - 26. What is o(2)?
-214
Let i(q) = 253*q**2 - 1738*q - 36. Calculate i(7).
195
Let o(c) = 177*c - 170. Give o(2).
184
Let b(t) = -8*t**3 - 320*t**2 + 3*t + 118. Determine b(-40).
-2
Let a(n) = -5*n**2 - 181*n + 32. Calculate a(-37).
-116
Let r(m) = 151*m - 833. What is r(6)?
73
Let d(x) = -x**2 + 5*x + 111. Determine d(-9).
-15
Let d(o) = -10*o**2 + 244*o - 715. Give d(21).
-1
Let m(q) = -2*q**2 - 7*q - 5. Give m(0).
-5
Let o(g) = 32*g + 231. What is o(-6)?
39
Let c(b) = 10*b + 293. Determine c(-6).
233
Let z(r) = -r - 42. Determine z(-25).
-17
Let m(h) = -h**2 + 49*h - 133. What is m(45)?
47
Let l(q) = -105*q**2 - 487*q + 182. What is l(-5)?
-8
Let r(i) = -i**3 - 24*i**2 - 39*i - 1606. Calculate r(-25).
-6
Let v(n) = n**3 - 81*n**2 + 14*n - 1136. Determine v(81).
-2
Let i(b) = b**3 - 6*b**2 + 549*b - 2177. Calculate i(4).
-13
Let n(f) = -f**3 - 27*f**2 - 48*f + 34. What is n(-25)?
-16
Let q(m) = -m**3 + 6*m**2 - 9*m + 17. Determine q(6).
-37
Let q(c) = 50*c - 439. Determine q(7).
-89
Let h(a) = -a**3 - 2*a**2 + 60*a - 10. Calculate h(9).
-361
Let b(n) = -13*n**2 + 3075*n - 1630. Calculate b(236).
22
Let z(o) = -o**3 + 9*o**2 - 6*o + 2. What is z(8)?
18
Let l(k) = 2*k**3 + 47*k**2 + 59*k - 17. Give l(-22).
137
Let l(y) = 22*y + 412. Give l(-23).
-94
Let m(l) = -5*l**2 - 107*l - 35. Give m(-21).
7
Let t(j) = j**2 + 64*j + 867. Determine t(-21).
-36
Let i(k) = -1024*k - 4090. Calculate i(-4).
6
Let q(n) = 2*n**2 - 96*n - 199. What is q(50)?
1
Let j(q) = q**3 + 5*q**2 + 4*q + 53. Give j(-6).
-7
Let a(w) = -2*w**2 + 8*w + 66. Give a(-7).
-88
Let f(o) = -10*o**2 - 603*o + 407. Determine f(-61).
-20
Let p(k) = k**2 + 29*k - 258. Determine p(-21).
-426
Let w(q) = -107*q**3 + 13*q + 14. Determine w(-1).
108
Let y(g) = 9*g - 97. What is y(-6)?
-151
Let t(f) = 4*f**2 + 59*f - 12. Determine t(-15).
3
Let c(i) = -5*i**2 - 20*i - 59. Give c(-5).
-84
Let y(a) = 456*a + 9095. Determine y(-20).
-25
Let l(n) = 9*n**2 + 10*n - 405. What is l(7)?
106
Let a(o) = -3*o**2 + 47*o + 36. Calculate a(16).
20
Let n(h) = -h**2 - 53*h - 376. Calculate n(-8).
-16
Let l(o) = 37*o**2 + 13*o + 75. What is l(-5)?
935
Let q(j) = j**3 - 204*j**2 + 809*j - 1794. Calculate q(200).
6
Let u(l) = 11*l + 803. What is u(-72)?
11
Let y(a) = -a**3 - 26*a**2 - 53*a + 1349. Determine y(-20).
9
Let l(m) = -2899*m + 17403. Give l(6).
9
Let w(v) = -89*v + 362. What is w(4)?
6
Let m(f) = 155*f + 2703. Give m(-17).
68
Let m(q) = -q**3 - 17*q**2 - 130*q - 313. What is m(-4)?
-1
Let w(q) = q**3 - 62*q**2 + 124*q - 234. Determine w(60).
6
Let o(j) = 777*j - 780. What is o(1)?
-3
Let w(v) = 453*v + 26285. Give w(-58).
11
Let r(b) = -b**3 + 8*b**2 - 2*b - 10. What is r(6)?
50
Let d(y) = -2*y**3 + 4*y**2 + 35*y - 14. Calculate d(-3).
-29
Let j(h) = 40*h + 927. Give j(-20).
127
Let s(u) = -u**3 - 10*u**2 + 20*u + 40. Determine s(-11).
-59
Let q(b) = b**2 + 6*b - 35. Give q(-8).
-19
Let x(g) = -2*g**2 + 76*g + 341. Determine x(-4).
5
Let j(r) = 17*r - 174. Give j(12).
30
Let s(g) = -2*g**2 + 140*g + 141. Calculate s(-1).
-1
Let z(q) = q**3 - 27*q**2 - 326*q - 17. Determine z(-9).
1
Let u(p) = 3*p**3 - 37*p**2 + 16*p - 20. Give u(12).
28
Let q(p) = p**3 - 66*p**2 + 259*p - 693. What is q(62)?
-11
Let h(y) = 17*y**3 - 205*y**2 + 40*y - 351. Calculate h(12).
-15
Let x(k) = 185*k - 988. Give x(6).
122
Let k(l) = l**2 + 177*l + 6916. Give k(-60).
-104
Let i(t) = -t**3 + 37*t**2 + 44*t - 218. What is i(38)?
10
Let n(x) = -x**2 + 180*x + 1125. Give n(186).
9
Let h(l) = 2*l**3 + 21*l**2 + 7*l - 31. Give h(-10).
-1
Let d(c) = 22*c**2 - 4*c + 7. What is d(2)?
87
Let j(f) = f**3 + 34*f**2 + 62*f - 17. Determine j(-32).
47
Let x(l) = -12*l**2 - 178*l + 30. Calculate x(-15).
0
Let h(s) = 17*s**3 + s**2 - 21*s + 58. Determine h(0).
58
Let y(a) = 10*a**2 - 42*a - 8. What is y(7)?
188
Let r(s) = 99*s + 2100. Give r(-21).
21
Let x(w) = 50*w + 2152. Calculate x(-43).
2
Let s(y) = -y**2 - 40*y + 71. Calculate s(-38).
147
Let k(v) = -12*v + 58. Give k(6).
-14
Let a(d) = d**3 - 37*d**2 - 39*d + 117. Determine a(38).
79
Let o(y) = -53*y + 317. Determine o(7).
-54
Let d(x) = -145*x - 871. Calculate d(-6).
-1
Let b(z) = -z**2 + 9337*z - 46670. Give b(5).
-10
Let f(n) = 7*n + 78. Determine f(-10).
8
Let r(h) = 52*h - 596. Calculate r(12).
28
Let b(c) = 10*c - 208. Give b(19).
-18
Let m(q) = -2*q**3 + 29*q**2 - 65*q + 719. Calculate m(14).
5
Let w(i) = -407*i - 2048. Calculate w(-5).
-13
Let d(b) = b**3 - 2*b**2 + b - 11. Calculate d(-6).
-305
Let o(y) = -4*y**2 + 117*y - 113. Give o(28).
27
Let u(r) = r**2 + 150*r + 2028. Give u(-15).
3
Let t(k) = -k**2 + 48*k + 1430. What is t(-24)?
-298
Let o(t) = 21*t + 122. What is o(-12)?
-130
Let g(v) = -2*v**3 + 14*v**2 + 9*v - 14. Give g(7).
49
Let u(j) = 4*j**2 + 194*j + 803. Give u(-44).
11
Let i(t) = -3*t**2 - 145*t + 1272. What is i(-56)?
-16
Let s(m) = -m**3 - 37*m**2 - 348*m - 24. What is s(-19)?
90
Let i(g) = g**3 + 76*g**2 + 292*g + 117. Determine i(-72).
-171
Let z(k) = k**2 + 21*k + 27. Determine z(-5).
-53
Let i(t) = -t**2 + 91*t - 872. Determine i(80).
8
Let i(o) = 19*o**3 - 2*o**2 - 2*o + 13. Calculate i(-3).
-512
Let o(c) = 5*c**2 - 272*c - 2845. Give o(-9).
8
Let j(d) = -14*d - 50. What is j(-3)?
-8
Let g(a) = a**3 - 42*a**2 - 69*a + 9. Calculate g(43).
-1109
Let o(q) = -14*q + 51. What is o(2)?
23
Let b(r) = r**3 - 2200*r**2 + 15355*r - 30. Calculate b(7).
-2
Let s(t) = -2160*t + 177126. Give s(82).
6
Let r(g) = -19*g**2 - 70*g + 71. Calculate r(1).
-18
Let v(o) = -o**3 - 27*o**2 + 61*o - 6. Calculate v(2).
0
Let a(i) = -26*i - 2006. What is a(-76)?
-30
Let f(u) = 384*u + 714. What is f(-2)?
-54
Let x(r) = -24*r**2 + 157*r + 27. What is x(7)?
-50
Let r(x) = -244*x + 1198. Determine r(5).
-22
Let r(o) = 52*o - 164. Give r(4).
44
Let k(j) = j**3 + 7*j**2 + 29*j + 47. Calculate k(-3).
-4
Let b(x) = -90*x + 10. Calculate b(0).
10
Let i(j) = -232*j + 1837. Determine i(8).
-19
Let u(r) = -r**2 + 55*r - 119. Calculate u(52).
37
Let u(n) = -5534*n**2 - 38739*n + 4. What is u(-7)?
11
Let c(g) = -25*g**2 + 25*g - 4. Give c(-3).
-304
Let k(x) = 113*x - 295. Give k(2).
-69
Let o(q) = 14*q + 81. Determine o(10).
221
Let p(h) = -h**3 - 100*h**2 - 901*h - 6. Calculate p(-10).
4
Let j(d) = -d**3 - 48*d**2 - 131*d + 206. What is j(-45)?
26
Let t(w) = 2*w**3 + 617*w + 53. Determine t(0).
53
Let d(h) = -3*h**2 - 48*h + 29. Determine d(-8).
221
Let b(v) = v**3 - 10*v**2 + 5*v - 62. Determine b(10).
-12
Let r(l) = 55*l**2 + 718*l + 59. What is r(-13)?
20
Let x(w) = 1287*w - 9026. Determine x(7).
-17
Let h(s) = -s**3 + 8*s**2 - 19*s + 3. Give h(7).
-81
Let b(l) = -2*l**3 + 101*l**2 + 161*l - 220. Calculate b(52).
40
Let j(u) = 3*u**3 - 14*u**2 - 45*u + 198. What is j(5)?
-2
Let f(d) = 62*d**2 - 613*d - 44. What is f(10)?
26
Let x(h) = 45*h**2 - 908*h + 153. Calculate x(20).
-7
Let a(y) = -y**2 + 18*y - 831. Give a(0).
-831
Let z(r) = 1571*r + 1574. Give z(-1).
3
Let k(l) = 56*l - 250. What is k(7)?
142
Let d(o) = -5*o**3 + o**2 - 28*o + 27. What is d(1)?
-5
Let i(s) = s**2 - 1051*s - 25806. Calculate i(-24).
-6
Let f(m) = m**2 + 17*m - 297. Calculate f(10).
-27
Let b(i) = 1280*i + 8963. Determine b(-7).
3
Let b(v) = v**2 - 37*v - 609. Determine b(-13).
41
Let t(l) = -2*l**2 + 19*l + 75. What is t(11)?
42
Let w(p) = 13*p - 944. Determine w(45).
-359
Let g(i) = -293*i + 36. What is g(3)?
-843
Let g(p) = -p**2 + 112*p + 1722. What is g(-14)?
-42
Let f(m) = -m**2 - 6*m - 8. Calculate f(-6).
-8
Let p(z) = -4*z**2 + 44*z - 27. Calculate p(8).
69
Let d(x) = x**3 - 6*x**2 + 17*x + 35. Determine d(7).
203
Let s(m) = -43*m**2 + 2109*m - 96. What is s(49)?
2
Let b(h) = -12*h - 516. Calculate b(-39).
-48
Let w(f) = 2020*f - 22225. What is w(11)?
-5
Let v(o) = -o**2 + 134*o + 989. Determine v(-7).
2
Let v(m) = -401*m - 8800. Give v(-22).
22
Let w(y) = -166*y + 968. Calculate w(6).
-28
Let t(i) = -4*i**3 + 13*i**2 + 4*i + 4. Calculate t(5).
-151
Let d(x) = x - 114. Calculate d(-21).
-135
Let l(t) = -t**3 + 51*t**2 + 5827*t + 236. What is l(106)?
-82
Let h(b) = 29*b**2 + 155*b - 452. Determine h(3).
274
Let r